{"id":974,"date":"2024-12-18T20:44:25","date_gmt":"2024-12-18T23:44:25","guid":{"rendered":"https:\/\/donnacarolinapratas.com.br\/?post_type=product&#038;p=974"},"modified":"2024-12-18T20:44:26","modified_gmt":"2024-12-18T23:44:26","slug":"pulseira-toda-elo-coracao","status":"publish","type":"product","link":"https:\/\/donnacarolinapratas.com.br\/index.php\/product\/pulseira-toda-elo-coracao\/","title":{"rendered":"Pulseira Toda Elo Cora\u00e7\u00e3o"},"content":{"rendered":"<p>Pulseira Toda Elo Cora\u00e7\u00e3o 3MM<\/p>\n<p>Tamanho: 18cm<\/p>\n","protected":false},"excerpt":{"rendered":"<p>Pulseira Toda Elo Cora\u00e7\u00e3o 3MM Tamanho: 18cm<\/p>\n","protected":false},"featured_media":978,"comment_status":"open","ping_status":"closed","template":"","meta":[],"product_cat":[37],"product_tag":[],"jetpack_sharing_enabled":true,"_links":{"self":[{"href":"https:\/\/donnacarolinapratas.com.br\/index.php\/wp-json\/wp\/v2\/product\/974"}],"collection":[{"href":"https:\/\/donnacarolinapratas.com.br\/index.php\/wp-json\/wp\/v2\/product"}],"about":[{"href":"https:\/\/donnacarolinapratas.com.br\/index.php\/wp-json\/wp\/v2\/types\/product"}],"replies":[{"embeddable":true,"href":"https:\/\/donnacarolinapratas.com.br\/index.php\/wp-json\/wp\/v2\/comments?post=974"}],"wp:featuredmedia":[{"embeddable":true,"href":"https:\/\/donnacarolinapratas.com.br\/index.php\/wp-json\/wp\/v2\/media\/978"}],"wp:attachment":[{"href":"https:\/\/donnacarolinapratas.com.br\/index.php\/wp-json\/wp\/v2\/media?parent=974"}],"wp:term":[{"taxonomy":"product_cat","embeddable":true,"href":"https:\/\/donnacarolinapratas.com.br\/index.php\/wp-json\/wp\/v2\/product_cat?post=974"},{"taxonomy":"product_tag","embeddable":true,"href":"https:\/\/donnacarolinapratas.com.br\/index.php\/wp-json\/wp\/v2\/product_tag?post=974"}],"curies":[{"name":"wp","href":"https:\/\/api.w.org\/{rel}","templated":true}]}}