{"id":580,"date":"2024-02-05T19:15:59","date_gmt":"2024-02-05T22:15:59","guid":{"rendered":"https:\/\/donnacarolinapratas.com.br\/?post_type=product&#038;p=580"},"modified":"2024-12-18T00:08:29","modified_gmt":"2024-12-18T03:08:29","slug":"pulseira-zirconias-coracao","status":"publish","type":"product","link":"https:\/\/donnacarolinapratas.com.br\/index.php\/product\/pulseira-zirconias-coracao\/","title":{"rendered":"Pulseira Zirc\u00f4nias Cora\u00e7\u00e3o"},"content":{"rendered":"<p>Pulseira Elo Portugu\u00eas Seis Zirc\u00f4nias Cora\u00e7\u00e3o<\/p>\n<p>Tamanho: 16cm<\/p>\n","protected":false},"excerpt":{"rendered":"<p>Pulseira Elo Portugu\u00eas Seis Zirc\u00f4nias Cora\u00e7\u00e3o Tamanho: 16cm<\/p>\n","protected":false},"featured_media":575,"comment_status":"open","ping_status":"closed","template":"","meta":[],"product_cat":[37],"product_tag":[],"jetpack_sharing_enabled":true,"_links":{"self":[{"href":"https:\/\/donnacarolinapratas.com.br\/index.php\/wp-json\/wp\/v2\/product\/580"}],"collection":[{"href":"https:\/\/donnacarolinapratas.com.br\/index.php\/wp-json\/wp\/v2\/product"}],"about":[{"href":"https:\/\/donnacarolinapratas.com.br\/index.php\/wp-json\/wp\/v2\/types\/product"}],"replies":[{"embeddable":true,"href":"https:\/\/donnacarolinapratas.com.br\/index.php\/wp-json\/wp\/v2\/comments?post=580"}],"wp:featuredmedia":[{"embeddable":true,"href":"https:\/\/donnacarolinapratas.com.br\/index.php\/wp-json\/wp\/v2\/media\/575"}],"wp:attachment":[{"href":"https:\/\/donnacarolinapratas.com.br\/index.php\/wp-json\/wp\/v2\/media?parent=580"}],"wp:term":[{"taxonomy":"product_cat","embeddable":true,"href":"https:\/\/donnacarolinapratas.com.br\/index.php\/wp-json\/wp\/v2\/product_cat?post=580"},{"taxonomy":"product_tag","embeddable":true,"href":"https:\/\/donnacarolinapratas.com.br\/index.php\/wp-json\/wp\/v2\/product_tag?post=580"}],"curies":[{"name":"wp","href":"https:\/\/api.w.org\/{rel}","templated":true}]}}