{"id":578,"date":"2024-02-05T19:14:35","date_gmt":"2024-02-05T22:14:35","guid":{"rendered":"https:\/\/donnacarolinapratas.com.br\/?post_type=product&#038;p=578"},"modified":"2024-06-10T23:17:17","modified_gmt":"2024-06-11T02:17:17","slug":"pulseira-circulo-cravejado","status":"publish","type":"product","link":"https:\/\/donnacarolinapratas.com.br\/index.php\/product\/pulseira-circulo-cravejado\/","title":{"rendered":"Pulseira C\u00edrculo Cravejado"},"content":{"rendered":"<p>Pulseira Elo Portugu\u00eas C\u00edrculo Cravejado<\/p>\n<p>Tamanho: 18cm<\/p>\n","protected":false},"excerpt":{"rendered":"<p>Pulseira Elo Portugu\u00eas C\u00edrculo Cravejado Tamanho: 18cm<\/p>\n","protected":false},"featured_media":571,"comment_status":"open","ping_status":"closed","template":"","meta":[],"product_cat":[37],"product_tag":[],"jetpack_sharing_enabled":true,"_links":{"self":[{"href":"https:\/\/donnacarolinapratas.com.br\/index.php\/wp-json\/wp\/v2\/product\/578"}],"collection":[{"href":"https:\/\/donnacarolinapratas.com.br\/index.php\/wp-json\/wp\/v2\/product"}],"about":[{"href":"https:\/\/donnacarolinapratas.com.br\/index.php\/wp-json\/wp\/v2\/types\/product"}],"replies":[{"embeddable":true,"href":"https:\/\/donnacarolinapratas.com.br\/index.php\/wp-json\/wp\/v2\/comments?post=578"}],"wp:featuredmedia":[{"embeddable":true,"href":"https:\/\/donnacarolinapratas.com.br\/index.php\/wp-json\/wp\/v2\/media\/571"}],"wp:attachment":[{"href":"https:\/\/donnacarolinapratas.com.br\/index.php\/wp-json\/wp\/v2\/media?parent=578"}],"wp:term":[{"taxonomy":"product_cat","embeddable":true,"href":"https:\/\/donnacarolinapratas.com.br\/index.php\/wp-json\/wp\/v2\/product_cat?post=578"},{"taxonomy":"product_tag","embeddable":true,"href":"https:\/\/donnacarolinapratas.com.br\/index.php\/wp-json\/wp\/v2\/product_tag?post=578"}],"curies":[{"name":"wp","href":"https:\/\/api.w.org\/{rel}","templated":true}]}}